 of 323011438?
4
What is the ten millions digit of 317605151?
1
What is the tens digit of 3118321534?
3
What is the hundred millions digit of 1146765039?
1
What is the millions digit of 18256124?
8
What is the thousands digit of 372204169?
4
What is the millions digit of 820343763?
0
What is the ten thousands digit of 43965996?
6
What is the thousands digit of 34156202?
6
What is the units digit of 39651530?
0
What is the thousands digit of 59932329?
2
What is the millions digit of 3108034746?
8
What is the units digit of 2017099062?
2
What is the thousands digit of 98784515?
4
What is the millions digit of 153907264?
3
What is the tens digit of 216903381?
8
What is the units digit of 521043463?
3
What is the thousands digit of 499486777?
6
What is the millions digit of 1044319254?
4
What is the hundred thousands digit of 2089125747?
1
What is the millions digit of 2477982847?
7
What is the hundred millions digit of 843822640?
8
What is the thousands digit of 50363753?
3
What is the ten thousands digit of 95741295?
4
What is the units digit of 26131321?
1
What is the ten millions digit of 17153725?
1
What is the millions digit of 104016040?
4
What is the hundred thousands digit of 99706853?
7
What is the millions digit of 19901158?
9
What is the ten thousands digit of 1577480874?
8
What is the hundreds digit of 2708906156?
1
What is the millions digit of 25878083?
5
What is the ten thousands digit of 6135746?
3
What is the ten millions digit of 313199876?
1
What is the ten thousands digit of 3549180565?
8
What is the tens digit of 187653988?
8
What is the billions digit of 4494426621?
4
What is the thousands digit of 2312798732?
8
What is the tens digit of 558108515?
1
What is the tens digit of 811991885?
8
What is the ten thousands digit of 194215286?
1
What is the millions digit of 228043934?
8
What is the millions digit of 9184174?
9
What is the hundreds digit of 404556430?
4
What is the tens digit of 260452738?
3
What is the thousands digit of 60831327?
1
What is the tens digit of 74855469?
6
What is the hundreds digit of 8803604?
6
What is the hundred thousands digit of 63893726?
8
What is the hundred millions digit of 5353486078?
3
What is the millions digit of 1849867139?
9
What is the hundred millions digit of 6783824270?
7
What is the ten thousands digit of 20172655?
7
What is the millions digit of 533051049?
3
What is the millions digit of 138048743?
8
What is the ten millions digit of 188591000?
8
What is the billions digit of 1703032335?
1
What is the tens digit of 760380694?
9
What is the ten millions digit of 450286386?
5
What is the units digit of 2460086807?
7
What is the units digit of 193667206?
6
What is the hundred millions digit of 1543791844?
5
What is the units digit of 165598839?
9
What is the units digit of 159897669?
9
What is the hundred millions digit of 161674600?
1
What is the hundred millions digit of 106686126?
1
What is the hundred thousands digit of 400696323?
6
What is the millions digit of 1778714251?
8
What is the hundreds digit of 47574204?
2
What is the ten thousands digit of 44310270?
1
What is the hundred thousands digit of 12745121?
7
What is the hundred thousands digit of 2736988236?
9
What is the millions digit of 277372666?
7
What is the hundreds digit of 220842409?
4
What is the ten millions digit of 83957254?
8
What is the ten millions digit of 883057888?
8
What is the hundred millions digit of 1128458237?
1
What is the hundred thousands digit of 504416100?
4
What is the thousands digit of 105447295?
7
What is the ten thousands digit of 25392696?
9
What is the ten millions digit of 78927361?
7
What is the hundreds digit of 261027786?
7
What is the tens digit of 107699652?
5
What is the hundreds digit of 68331644?
6
What is the tens digit of 1225887570?
7
What is the ten thousands digit of 181128631?
2
What is the units digit of 770304491?
1
What is the thousands digit of 136815865?
5
What is the units digit of 50389198?
8
What is the hundred thousands digit of 154141380?
1
What is the thousands digit of 315210149?
0
What is the tens digit of 14137558?
5
What is the ten millions digit of 3946100708?
4
What is the millions digit of 167089015?
7
What is the units digit of 104819603?
3
What is the hundred millions digit of 124806771?
1
What is the millions digit of 69339110?
9
What is the tens digit of 53344105?
0
What is the hundred thousands digit of 389721297?
7
What is the hundred thousands digit of 51115969?
1
What is the ten thousands digit of 155058481?
5
What is the ten millions digit of 72350327?
7
What is the thousands digit of 140893389?
3
What is the units digit of 22135514?
4
What is the thousands digit of 453851635?
1
What is the hundreds digit of 43974421?
4
What is the ten thousands digit of 70382718?
8
What is the millions digit of 1601455591?
1
What is the tens digit of 172297719?
1
What is the hundred millions digit of 394837880?
3
What is the hundred millions digit of 204240973?
2
What is the hundred millions digit of 1140854692?
1
What is the ten thousands digit of 453576295?
7
What is the ten thousands digit of 1267958361?
5
What is the units digit of 21593569?
9
What is the tens digit of 663389741?
4
What is the units digit of 10422331?
1
What is the tens digit of 8241499?
9
What is the tens digit of 655838456?
5
What is the tens digit of 1376827688?
8
What is the millions digit of 388947866?
8
What is the units digit of 262360069?
9
What is the millions digit of 2983517641?
3
What is the hundred thousands digit of 46138113?
1
What is the hundreds digit of 222500008?
0
What is the units digit of 76169063?
3
What is the hundred thousands digit of 50679635?
6
What is the units digit of 122438435?
5
What is the thousands digit of 935688800?
8
What is the ten thousands digit of 17278096?
7
What is the ten thousands digit of 59793289?
9
What is the hundred thousands digit of 2108178359?
1
What is the tens digit of 108337090?
9
What is the thousands digit of 3469553?
9
What is the ten millions digit of 3440918919?
4
What is the hundred thousands digit of 30643977?
6
What is the ten millions digit of 643174793?
4
What is the millions digit of 565523017?
5
What is the units digit of 317626958?
8
What is the hundred thousands digit of 30573892?
5
What is the ten millions digit of 147205088?
4
What is the units digit of 1316287521?
1
What is the millions digit of 1581994162?
1
What is the hundreds digit of 30752754?
7
What is the ten thousands digit of 206555104?
5
What is the ten thousands digit of 2633359?
3
What is the hundred thousands digit of 243292382?
2
What is the hundred thousands digit of 6593848?
5
What is the thousands digit of 4352365?
2
What is the tens digit of 33826668?
6
What is the units digit of 1035545197?
7
What is the ten millions digit of 282377344?
8
What is the ten millions digit of 1523477919?
2
What is the thousands digit of 3835684670?
4
What is the hundred thousands digit of 1328825780?
8
What is the ten millions digit of 41179210?
4
What is the hundred millions digit of 110198448?
1
What is the tens digit of 469203179?
7
What is the thousands digit of 1108099197?
9
What is the hundreds digit of 589710583?
5
What is the hundred thousands digit of 58198433?
1
What is the hundreds digit of 33510197?
1
What is the units digit of 104353379?
9
What is the thousands digit of 131767072?
7
What is the units digit of 2208605365?
5
What is the thousands digit of 8034774328?
4
What is the tens digit of 142163034?
3
What is the thousands digit of 31741082?
1
What is the hundreds digit of 3508140645?
6
What is the millions digit of 1071593958?
1
What is the ten thousands digit of 501604929?
0
What is the ten millions digit of 12182147?
1
What is the hundred millions digit of 207236169?
2
What is the units digit of 52030299?
9
What is the tens digit of 168322613?
1
What is the units digit of 228207767?
7
What is the hundred thousands digit of 11305130?
3
What is the units digit of 250012714?
4
What is the ten thousands digit of 4748386533?
8
What is the ten thousands digit of 55125067?
2
What is the ten thousands digit of 5933008671?
0
What is the millions digit of 359966915?
9
What is the ten millions digit of 1374399354?
7
What is the hundred millions digit of 91135